
3, 7, 23
List the prime factors of 11998.
2, 7, 857
List the prime factors of 30479.
29, 1051
List the prime factors of 18179.
7, 53
List the prime factors of 15944.
2, 1993
What are the prime factors of 64410?
2, 3, 5, 19, 113
List the prime factors of 1205.
5, 241
List the prime factors of 2760.
2, 3, 5, 23
What are the prime factors of 1665?
3, 5, 37
List the prime factors of 472.
2, 59
What are the prime factors of 61170?
2, 3, 5, 2039
What are the prime factors of 16253?
16253
What are the prime factors of 1867?
1867
List the prime factors of 25968.
2, 3, 541
What are the prime factors of 396?
2, 3, 11
What are the prime factors of 9846?
2, 3, 547
List the prime factors of 10598.
2, 7, 757
What are the prime factors of 1839?
3, 613
List the prime factors of 1096.
2, 137
List the prime factors of 3335.
5, 23, 29
What are the prime factors of 1343?
17, 79
List the prime factors of 29423.
29423
List the prime factors of 915.
3, 5, 61
List the prime factors of 11508.
2, 3, 7, 137
What are the prime factors of 1311?
3, 19, 23
List the prime factors of 20145.
3, 5, 17, 79
What are the prime factors of 201?
3, 67
What are the prime factors of 40838?
2, 7, 2917
What are the prime factors of 7363?
37, 199
What are the prime factors of 6997?
6997
List the prime factors of 799.
17, 47
What are the prime factors of 1738?
2, 11, 79
List the prime factors of 1603.
7, 229
List the prime factors of 796.
2, 199
What are the prime factors of 44406?
2, 3, 2467
What are the prime factors of 1750?
2, 5, 7
What are the prime factors of 7199?
23, 313
List the prime factors of 2960.
2, 5, 37
What are the prime factors of 16109?
89, 181
List the prime factors of 1248.
2, 3, 13
What are the prime factors of 81238?
2, 151, 269
List the prime factors of 8092.
2, 7, 17
What are the prime factors of 2155?
5, 431
What are the prime factors of 46396?
2, 7, 1657
List the prime factors of 7731.
3, 859
List the prime factors of 1959.
3, 653
What are the prime factors of 1953?
3, 7, 31
List the prime factors of 364.
2, 7, 13
List the prime factors of 392.
2, 7
What are the prime factors of 10850?
2, 5, 7, 31
What are the prime factors of 514?
2, 257
List the prime factors of 1691.
19, 89
List the prime factors of 76597.
76597
What are the prime factors of 856?
2, 107
What are the prime factors of 28862?
2, 14431
List the prime factors of 910.
2, 5, 7, 13
What are the prime factors of 327?
3, 109
What are the prime factors of 15789?
3, 19, 277
What are the prime factors of 49024?
2, 383
What are the prime factors of 3165?
3, 5, 211
List the prime factors of 4266.
2, 3, 79
List the prime factors of 349.
349
What are the prime factors of 4109?
7, 587
What are the prime factors of 490?
2, 5, 7
List the prime factors of 1760.
2, 5, 11
What are the prime factors of 15190?
2, 5, 7, 31
What are the prime factors of 11207?
7, 1601
What are the prime factors of 4322?
2, 2161
What are the prime factors of 54242?
2, 37, 733
List the prime factors of 5817.
3, 7, 277
List the prime factors of 271.
271
What are the prime factors of 10990?
2, 5, 7, 157
What are the prime factors of 260?
2, 5, 13
List the prime factors of 707.
7, 101
List the prime factors of 5454.
2, 3, 101
List the prime factors of 8342.
2, 43, 97
List the prime factors of 18915.
3, 5, 13, 97
What are the prime factors of 151779?
3, 50593
What are the prime factors of 7348?
2, 11, 167
List the prime factors of 8444.
2, 2111
List the prime factors of 7571.
67, 113
List the prime factors of 130480.
2, 5, 7, 233
List the prime factors of 8445.
3, 5, 563
List the prime factors of 3389.
3389
List the prime factors of 930.
2, 3, 5, 31
What are the prime factors of 8155?
5, 7, 233
List the prime factors of 2530.
2, 5, 11, 23
List the prime factors of 7050.
2, 3, 5, 47
List the prime factors of 4920.
2, 3, 5, 41
What are the prime factors of 446?
2, 223
What are the prime factors of 92014?
2, 13, 3539
What are the prime factors of 4586?
2, 2293
What are the prime factors of 874?
2, 19, 23
What are the prime factors of 20768?
2, 11, 59
What are the prime factors of 82074?
2, 3, 13679
List the prime factors of 137360.
2, 5, 17, 101
What are the prime factors of 14?
2, 7
What are the prime factors of 108261?
3, 23, 523
What are the prime factors of 21768?
2, 3, 907
List the prime factors of 3325.
5, 7, 19
What are the prime factors of 29168?
2, 1823
What are the prime factors of 555?
3, 5, 37
List the prime factors of 75682.
2, 79, 479
What are the prime factors of 1356?
2, 3, 113
What are the prime factors of 13145?
5, 11, 239
What are the prime factors of 5181?
3, 11, 157
List the prime factors of 103878.
2, 3, 29, 199
List the prime factors of 30.
2, 3, 5
What are the prime factors of 25852?
2, 23, 281
What are the prime factors of 18095?
5, 7, 11, 47
What are the prime factors of 3854?
2, 41, 47
List the prime factors of 4213.
11, 383
What are the prime factors of 31116?
2, 3, 2593
List the prime factors of 68.
2, 17
What are the prime factors of 3881?
3881
What are the prime factors of 48730?
2, 5, 11, 443
List the prime factors of 22823.
29, 787
What are the prime factors of 1992?
2, 3, 83
List the prime factors of 55301.
17, 3253
List the prime factors of 131900.
2, 5, 1319
List the prime factors of 1036.
2, 7, 37
What are the prime factors of 316?
2, 79
What are the prime factors of 4658?
2, 17, 137
List the prime factors of 32172.
2, 3, 7, 383
List the prime factors of 4107.
3, 37
List the prime factors of 8896.
2, 139
List the prime factors of 178.
2, 89
List the prime factors of 10906.
2, 7, 19, 41
What are the prime factors of 3647?
7, 521
What are the prime factors of 5430?
2, 3, 5, 181
List the prime factors of 81559.
81559
What are the prime factors of 22464?
2, 3, 13
List the prime factors of 15930.
2, 3, 5, 59
List the prime factors of 71434.
2, 11, 17, 191
List the prime factors of 8815.
5, 41, 43
What are the prime factors of 1990?
2, 5, 199
List the prime factors of 62961.
3, 31, 677
What are the prime factors of 27279?
3, 7, 433
What are the prime factors of 9341?
9341
What are the prime factors of 23647?
13, 17, 107
What are the prime factors of 4268?
2, 11, 97
What are the prime factors of 5968?
2, 373
What are the prime factors of 22?
2, 11
What are the prime factors of 3743?
19, 197
What are the prime factors of 2306?
2, 1153
What are the prime factors of 2923?
37, 79
List the prime factors of 3330.
2, 3, 5, 37
What are the prime factors of 355?
5, 71
What are the prime factors of 25197?
3, 37, 227
List the prime factors of 380.
2, 5, 19
What are the prime factors of 367?
367
List the prime factors of 15021.
3, 1669
List the prime factors of 15402.
2, 3, 17, 151
List the prime factors of 978.
2, 3, 163
List the prime factors of 4898.
2, 31, 79
What are the prime factors of 1084?
2, 271
What are the prime factors of 1594?
2, 797
List the prime factors of 103499.
11, 97
List the prime factors of 10992.
2, 3, 229
What are the prime factors of 17?
17
What are the prime factors of 27292?
2, 6823
List the prime factors of 11685.
3, 5, 19, 41
What are the prime factors of 3409?
7, 487
What are the prime factors of 27587?
7, 563
What are the prime factors of 851?
23, 37
List the prime factors of 7022.
2, 3511
List the prime factors of 3118.
2, 1559
What are the prime factors of 2078?
2, 1039
List the prime factors of 55495.
5, 11, 1009
What are the prime factors of 518?
2, 7, 37
List the prime factors of 551.
19, 29
List the prime factors of 2470.
2, 5, 13, 19
What are the prime factors of 36223?
11, 37, 89
What are the prime factors of 1089?
3, 11
What are the prime factors of 51302?
2, 113, 227
What are the prime factors of 58349?
19, 37, 83
What are the prime factors of 179470?
2, 5, 131, 137
List the prime factors of 3846.
2, 3, 641
What are the prime factors of 19793?
19793
List the prime factors of 2864.
2, 179
What are the prime factors of 186203?
79, 2357
What are the prime factors of 1190?
2, 5, 7, 17
What are the prime factors of 1445?
5, 17
What are the prime factors of 16726?
2, 8363
List the prime factors of 3066.
2, 3, 7, 73
List the prime factors of 18456.
2, 3, 769
What are the prime factors of 1777?
1777
What are the prime factors of 18132?
2, 3, 1511
What are the prime factors of 47909?
23, 2